8799 a composite number?
False
Is 1192261943 composite?
False
Is 29664840599 prime?
False
Is 1148727007 prime?
True
Is 69570823661 composite?
False
Is 6756990973 a composite number?
False
Is 58067122741 a composite number?
False
Is 449634467 a composite number?
False
Is 326040917 a prime number?
True
Is 2638642213 prime?
False
Is 49598191627 a prime number?
False
Is 2068100081 a composite number?
True
Is 139734377 prime?
False
Is 2542006033 composite?
True
Is 666259777 composite?
True
Is 36059758739 a composite number?
False
Is 8013412201 a prime number?
True
Is 3819022157 a composite number?
False
Is 4106545693 a composite number?
False
Is 357903979 composite?
True
Is 15345653287 prime?
False
Is 4009445441 a composite number?
False
Is 44205703 prime?
False
Is 10118706685 a prime number?
False
Is 29526196423 a composite number?
True
Is 27308466269 a prime number?
False
Is 272362973 a prime number?
False
Is 10168298401 prime?
True
Is 575719553 a composite number?
False
Is 2406408801 a composite number?
True
Is 25002260819 prime?
False
Is 18308380817 a composite number?
False
Is 147019829293 prime?
False
Is 302949133 composite?
False
Is 170144459 a composite number?
False
Is 207199478723 composite?
False
Is 10943113507 prime?
True
Is 70493771 a prime number?
True
Is 682133119 a prime number?
False
Is 30625699541 prime?
True
Is 15449548313 prime?
True
Is 1744132807 a composite number?
True
Is 17208267409 prime?
False
Is 5117937403 prime?
True
Is 946848001 a prime number?
False
Is 175354338191 prime?
True
Is 24775653937 prime?
True
Is 9282422879 prime?
True
Is 170570540113 prime?
False
Is 48258803089 a composite number?
True
Is 58475383403 a composite number?
False
Is 1114378393 composite?
False
Is 250684382743 prime?
True
Is 11298446021 prime?
True
Is 2456635 composite?
True
Is 199007177813 a prime number?
True
Is 1634071343 a prime number?
True
Is 979348771 a prime number?
False
Is 5040142163 a composite number?
True
Is 1740656077 a prime number?
False
Is 3914110661 a composite number?
False
Is 18225355107 a composite number?
True
Is 450438407 composite?
True
Is 33169481603 prime?
True
Is 909328213 composite?
False
Is 430347997 a prime number?
False
Is 37868950793 prime?
False
Is 279401861 prime?
False
Is 14548318809 prime?
False
Is 304834001 composite?
False
Is 105505645159 a prime number?
True
Is 13141493509 a composite number?
True
Is 6154254823 prime?
True
Is 20623461989 composite?
True
Is 17406379 composite?
True
Is 32032941 a composite number?
True
Is 20888599 composite?
False
Is 6838482841 prime?
True
Is 663090803 composite?
False
Is 3421694687 a prime number?
False
Is 8428369571 prime?
True
Is 3703434473 prime?
False
Is 25842441631 a composite number?
True
Is 2824038499 prime?
True
Is 14470352893 a prime number?
False
Is 13376774531 composite?
True
Is 9734125553 composite?
True
Is 17506208153 composite?
True
Is 84345691 composite?
False
Is 5288640923 a prime number?
False
Is 335471707 a composite number?
False
Is 4140493943 prime?
False
Is 56556085 a prime number?
False
Is 965225953 a prime number?
False
Is 4678874213 a prime number?
False
Is 36207628447 composite?
False
Is 178735771 prime?
True
Is 10216273631 composite?
False
Is 52161625469 a composite number?
False
Is 33609867817 a prime number?
True
Is 5825740589 a prime number?
True
Is 8973040981 a composite number?
False
Is 93785390357 prime?
True
Is 2857785967 prime?
False
Is 336680254311 composite?
True
Is 11274900029 prime?
False
Is 6273035081 a composite number?
False
Is 4276545011 a prime number?
True
Is 1482755837 a composite number?
False
Is 6877777 a prime number?
False
Is 4368716101 a composite number?
True
Is 121787508565 prime?
False
Is 3051723179 a composite number?
True
Is 42489452773 a composite number?
False
Is 2434103687 composite?
True
Is 3017918221 composite?
False
Is 10917841111 prime?
False
Is 103087830439 a prime number?
False
Is 81010634953 a prime number?
True
Is 337453619627 a composite number?
False
Is 14520620279 composite?
True
Is 741967337 a prime number?
False
Is 10757567473 a composite number?
True
Is 75050282507 prime?
True
Is 1246859659 prime?
True
Is 218788649 composite?
False
Is 215933299 a prime number?
False
Is 3701058017 composite?
False
Is 21071570803 a composite number?
False
Is 48455573497 prime?
True
Is 2317271809 a prime number?
True
Is 11685090587 a composite number?
False
Is 4923732895 prime?
False
Is 178698921 prime?
False
Is 176258177 a composite number?
True
Is 22092864257 a prime number?
True
Is 22633417897 composite?
False
Is 209006869 a prime number?
True
Is 408768979 composite?
False
Is 73525465177 a composite number?
True
Is 1899206273 composite?
False
Is 8966549369 a composite number?
True
Is 15235461599 a composite number?
False
Is 1080670919 a composite number?
False
Is 1549471457 a prime number?
False
Is 449984071 a prime number?
False
Is 128371553 a prime number?
False
Is 33850564351 a prime number?
True
Is 286307526157 composite?
True
Is 163017247 a prime number?
True
Is 815778889 prime?
False
Is 8559650681 prime?
True
Is 7149861269 a prime number?
True
Is 4774773914 prime?
False
Is 223563269 prime?
False
Is 34098144053 composite?
False
Is 2379909377 prime?
True
Is 254078467 prime?
False
Is 308719433 composite?
True
Is 408416597 prime?
False
Is 28276721 composite?
True
Is 670927811 composite?
True
Is 38433842323 composite?
True
Is 2365384789 a composite number?
True
Is 74035937689 a prime number?
False
Is 353746303 a composite number?
False
Is 4031506363 a prime number?
True
Is 539308871 prime?
False
Is 352979923 a composite number?
True
Is 25688953 a prime number?
False
Is 31039089962 composite?
True
Is 10032254861 a prime number?
False
Is 6480309889 composite?
True
Is 1546798919 a composite number?
True
Is 16911788339 a composite number?
True
Is 18277061503 a composite number?
True
Is 14227356629 a prime number?
False
Is 1241541617 composite?
True
Is 26666021 a prime number?
True
Is 277652863 composite?
False
Is 545059649 composite?
False
Is 1752774077 prime?
False
Is 95617629971 a composite number?
False
Is 2725688189 composite?
True
Is 26170713893 composite?
False
Is 41055397039 a prime number?
False
Is 22554494429 a prime number?
True
Is 3717365723 a composite number?
True
Is 111985893157 a prime number?
False
Is 74841697817 a prime number?
False
Is 8434003019 prime?
False
Is 70277205569 a prime number?
True
Is 1655053483 composite?
True
Is 491269517 a prime number?
False
Is 2080385933 composite?
True
Is 195930649 composite?
False
Is 88206172313 prime?
False
Is 97588474883 composite?
False
Is 160438913 a prime number?
False
Is 256724851 a prime number?
False
Is 239830163 a composite number?
True
Is 25502603563 a composite number?
False
Is 4605300151 prime?
True
Is 17779002931 a prime number?
False
Is 2024258353 a prime number?
False
Is 1348920074 a composite number?
True
Is 1689765631 composite?
False
Is 165378377 composite?
True
Is 1203180827 a composite number?
False
Is 1631694529 a prime number?
True
Is 68598463639 composite?
False
Is 886144426 prime?
False
Is 1251962254 a composite number?
True
Is 453254287 a composite number?
False
Is 34359332899 composite?
False
Is 65116813 composite?
True
Is 9331659763 composite?
False
Is 18691924255 a prime number?
False
Is 3888593803 a composite number?
False
Is 197383331 a composite number?
False
Is 37372376347 a prime number?
False
Is 4808369047 prime?
True
Is 7297093327 prime?
False
Is 901928821 a composite number?
False
Is 90891640643 a prime number?
True
Is 64049604917 composite?
True
Is 4869866879 prime?
True
Is 1470281893 a composite number?
True
Is 9830182841 composite?
False
Is 1287297829 prime?
True
Is 2921272007 composite?
False
Is 111284956157 a prime number?
True
Is 24869543617 prime?
True
Is 6984850199 prime?
True
Is 167845393 a composite number?
False
Is 5872242109 composite?
False
Is 936795611 composite?
False
Is 1966672517 composite?
False
Is 99288733 a composite number?
True
Is 2622665447 prime?
True
Is 3827379737 a prime number?
False
Is 33861763967 composite?
False
Is 150090209 a prime number?
True
Is 6011445673 a composite number?
True
Is 15794139021 a composite number?
True
Is 8620001099 a prime number?
True
Is 2567462771 composite?
True
Is 12164738983